rime?
False
Is 12718957 a prime number?
True
Is 10854539 a prime number?
False
Is 88971529 composite?
False
Is 6383386 prime?
False
Is 12224123 a composite number?
True
Is 52729763 a prime number?
True
Is 9279805 a composite number?
True
Is 76700927 a composite number?
False
Is 1175071 a prime number?
True
Is 10425757 a composite number?
False
Is 1672441 a prime number?
True
Is 39404437 a prime number?
True
Is 347327327 composite?
False
Is 313429645 prime?
False
Is 1694809 prime?
True
Is 259130327 prime?
True
Is 38846891 a composite number?
False
Is 2746833 composite?
True
Is 106462 a composite number?
True
Is 101808167 prime?
True
Is 2204189 a prime number?
False
Is 12540877 prime?
True
Is 10113835 prime?
False
Is 4066003 composite?
True
Is 141273653 a prime number?
False
Is 177112505 a composite number?
True
Is 212607497 a composite number?
True
Is 42612173 a prime number?
True
Is 49750583 prime?
True
Is 12292193 a prime number?
True
Is 337456797 a composite number?
True
Is 16003213 a prime number?
False
Is 7490891 composite?
True
Is 10598151 prime?
False
Is 81485219 prime?
False
Is 450763 composite?
True
Is 2641739 prime?
True
Is 2054821 composite?
False
Is 36602977 a composite number?
False
Is 175855 prime?
False
Is 22860727 prime?
True
Is 3591631 composite?
False
Is 497174 a prime number?
False
Is 1967149 prime?
True
Is 883307 a composite number?
False
Is 884617 a composite number?
False
Is 6774527 a prime number?
True
Is 158328213 prime?
False
Is 64984849 a composite number?
False
Is 3671587 composite?
False
Is 247229399 prime?
True
Is 8853577 a prime number?
True
Is 164651699 a prime number?
False
Is 284145751 a prime number?
False
Is 116837207 composite?
False
Is 12141719 a prime number?
False
Is 471083 a composite number?
True
Is 451961 composite?
False
Is 41633987 composite?
False
Is 380173 a prime number?
False
Is 1021747 a prime number?
True
Is 170862067 a prime number?
True
Is 4087703 composite?
True
Is 1658363 prime?
False
Is 115113473 a prime number?
True
Is 410049593 a composite number?
True
Is 109789 prime?
True
Is 1833466 a prime number?
False
Is 9493889 a composite number?
False
Is 1605041 composite?
False
Is 1874599 a prime number?
True
Is 1698166 prime?
False
Is 9200761 a composite number?
False
Is 16646557 prime?
True
Is 8462161 composite?
False
Is 268245101 a prime number?
True
Is 2075155 prime?
False
Is 8051791 a composite number?
True
Is 20876129 a prime number?
False
Is 97420399 a composite number?
False
Is 47311571 prime?
True
Is 19175383 a composite number?
True
Is 5680429 a prime number?
False
Is 7763183 composite?
False
Is 41032591 composite?
True
Is 32394751 prime?
False
Is 42173129 a prime number?
True
Is 2551807 a composite number?
True
Is 2062789 prime?
True
Is 5533163 composite?
False
Is 2135411 a prime number?
True
Is 61754947 a composite number?
False
Is 4751599 a composite number?
False
Is 134080073 prime?
True
Is 59200759 a composite number?
True
Is 7710407 prime?
False
Is 13668407 a prime number?
True
Is 405746219 prime?
True
Is 109553909 prime?
False
Is 1912943 prime?
True
Is 868023895 a prime number?
False
Is 2878531 prime?
False
Is 81021607 composite?
True
Is 274511173 prime?
True
Is 100826059 composite?
True
Is 5538647 a prime number?
True
Is 262523887 a prime number?
True
Is 5078167 composite?
False
Is 13933057 prime?
True
Is 57884909 a prime number?
False
Is 17972827 a prime number?
False
Is 1854973 a prime number?
False
Is 252079 prime?
True
Is 755625859 composite?
True
Is 414907 a composite number?
True
Is 28681307 a composite number?
True
Is 25130087 a prime number?
False
Is 1713563 prime?
False
Is 6798497 a composite number?
True
Is 25415681 a prime number?
False
Is 23592113 composite?
False
Is 10966181 a composite number?
True
Is 44071607 a prime number?
True
Is 50528453 prime?
True
Is 337570159 composite?
False
Is 347981 composite?
False
Is 41028179 a prime number?
True
Is 9384463 a prime number?
False
Is 1053749 a composite number?
False
Is 62364997 prime?
False
Is 39639779 composite?
False
Is 437699351 composite?
True
Is 71875147 composite?
True
Is 148273357 a prime number?
True
Is 232175429 a prime number?
True
Is 7904263 a prime number?
True
Is 238468003 prime?
True
Is 759721 a composite number?
True
Is 2099546 a prime number?
False
Is 17042009 prime?
True
Is 1968677 a composite number?
True
Is 3907417 prime?
True
Is 33480731 prime?
True
Is 1454779 prime?
True
Is 16476011 prime?
True
Is 36288979 composite?
False
Is 4613351 composite?
True
Is 18662194 a prime number?
False
Is 1878691 a composite number?
True
Is 4732009 prime?
False
Is 2816291 a composite number?
False
Is 3248543 prime?
False
Is 271099347 prime?
False
Is 191491 a composite number?
False
Is 16734077 a composite number?
True
Is 10401091 a prime number?
False
Is 2435497 prime?
False
Is 10931257 a composite number?
False
Is 305321 prime?
False
Is 500281 a prime number?
False
Is 207971389 prime?
True
Is 55745257 composite?
False
Is 70683134 a prime number?
False
Is 32054531 a prime number?
False
Is 1729985 prime?
False
Is 138676273 a composite number?
True
Is 895277 a prime number?
True
Is 31041659 a prime number?
False
Is 27272381 a composite number?
False
Is 77714627 prime?
True
Is 98341357 composite?
True
Is 746287 composite?
False
Is 10800761 prime?
True
Is 251985191 prime?
False
Is 12181693 prime?
False
Is 15423557 composite?
False
Is 686546227 a composite number?
False
Is 7589521 a prime number?
True
Is 65558967 a prime number?
False
Is 25483691 a composite number?
True
Is 36900371 prime?
False
Is 2434351 a prime number?
True
Is 70556099 composite?
False
Is 688079 composite?
True
Is 30863671 a composite number?
False
Is 1464619381 a prime number?
True
Is 8064449 prime?
True
Is 168029363 composite?
True
Is 1541471 a composite number?
False
Is 31720049 prime?
True
Is 76822673 prime?
True
Is 1006877 composite?
False
Is 1290849353 a composite number?
False
Is 24725737 a composite number?
True
Is 3930755 a prime number?
False
Is 332243 composite?
True
Is 78996451 a prime number?
False
Is 461132447 composite?
False
Is 362105 prime?
False
Is 4395337 prime?
False
Is 1403747 prime?
True
Is 317674011 a composite number?
True
Is 2371635605 a composite number?
True
Is 2484089 composite?
False
Is 992567 a composite number?
True
Is 3347573 a prime number?
True
Is 5165779 a composite number?
False
Is 42833033 a prime number?
False
Is 121986791 a composite number?
False
Is 6769933 a prime number?
False
Is 15481913 prime?
False
Is 187042027 a prime number?
False
Is 1595597 a composite number?
True
Is 50263781 prime?
False
Is 1578991 a prime number?
False
Is 73953883 prime?
True
Is 85895351 composite?
True
Is 2013049 a composite number?
False
Is 444307 a composite number?
False
Is 36208409 a composite number?
True
Is 163067789 prime?
True
Is 5974558 a composite number?
True
Is 65628803 prime?
True
Is 19059298 a prime number?
False
Is 57094417 composite?
True
Is 119277163 prime?
False
Is 41892082 composite?
True
Is 18900851 prime?
True
Is 15073367 a prime number?
False
Is 96450311 a prime number?
True
Is 218181601 prime?
False
Is 16496141 a prime number?
False
Is 125122043 a composite number?
True
Is 8638715 a prime number?
False
Is 264779 a composite number?
False
Is 386101 a composite number?
True
Is 33775531 a prime number?
True
Is 19434503 prime?
False
Is 1427353 a composite number?
True
Is 148361893 prime?
False
Is 2775889 a prime number?
True
Is 50147549 prime?
True
Is 2879743 prime?
False
Is 20762237 a prime number?
True
Is 47340339 a prime number?
False
Is 185011 prime?
False
Is 1917731 prime?
True
Is 9381547 prime?
False
Is 5228823 a composite number?
True
Is 787951 a prime number?
False
Is 8254387 prime?
False
Is 120734929 a composite number?
True
Is 2271293 a composite number?
True
Is 1627379 prime?
False
Is 2432449 prime?
False
Is 2289119 a prime number?
False
Is 1655651 composite?
True
Is 4726705 a composite number?
True
Is 8648083 composite?
False
Is 2690651 prime?
False
Is 80224093 a prime number?
True
Is 182087641 a composite number?
True
Is 5090717 a composite number?
True
Is 3432686 prime?
False
Is 9181195 a composite number?
True
Is 162276313 prime?
True
Is 3736639 prime?
True
Is 85639 composite?
False
Is 335953 a pri